4 + 47*j**3/6 + 82*j**2. What is the hundreds digit of l(8)?
3
Suppose 47*x - 68572 = 1235678. What is the tens digit of x?
5
Suppose 1942 = 2*y - 1354 - 452. What is the thousands digit of y?
1
Let c(p) = 8*p - 13 - 12 - 1. Let b be c(4). What is the units digit of (75/(-50))/(b/(-4))?
1
Suppose -m + 569*h + 56385 = 573*h, -169133 = -3*m - h. What is the hundreds digit of m?
3
Let z be 10/4*368/40. Let h = z - 13. Let u(v) = v + 19. What is the tens digit of u(h)?
2
Suppose -33175 = -5*v + 2*d + 24117, 3*v = d + 34375. What is the tens digit of v?
5
Let x(u) = -8*u**3 + 12*u**3 - 5*u - 10 - u**2 - 4*u**3 - u**3. Let g be (-3)/3 - (2 - 0). What is the tens digit of x(g)?
2
Let a(k) be the second derivative of 46*k**3/3 + 15*k**2 - 34*k - 2. Let w be a(6). Let y = 887 - w. What is the units digit of y?
5
Let v = 91 - 86. Suppose 3*d - 2*r = 4, 2*d + 5*r = 4*r + v. Suppose -y - 2*j = d*j - 62, 0 = -3*j + 9. What is the tens digit of y?
5
Suppose -9*m + 14*m = 0. Suppose -12*y + 13*y - 47 = m. What is the units digit of y?
7
Let c(k) = 208 + 38 + 15 + 17 - 15*k. What is the hundreds digit of c(-11)?
4
Let c(i) = 4*i**3 + 9*i**2 + 10*i + 8. Let j(n) = -3*n**3 - 8*n**2 - 10*n - 8. Let u(a) = 4*c(a) + 5*j(a). What is the hundreds digit of u(8)?
1
Let t(v) = 349*v**2 - 55*v + 260. What is the ten thousands digit of t(6)?
1
Let b = 5699 - 1124. What is the hundreds digit of b?
5
Let l(u) = u**3 + 22*u**2 + 19*u - 39. Let p be l(-21). Let d(w) = 145*w - 26. What is the tens digit of d(p)?
0
Let p be (-85674)/(-16) + (-15)/(-40). Suppose -2142 - p = -51*u. What is the hundreds digit of u?
1
Suppose 5*g + 6*y - 48228 = -9136, g + y = 7817. What is the tens digit of g?
1
Let w be (6 - 970 - -1)*-1. Let i = w + -566. What is the units digit of i?
7
Let g(i) = -i**3 - 2*i**2 + 6*i - 10. Let v(p) = 43*p - 2. Let t be v(-1). Let a = t - -39. What is the tens digit of g(a)?
9
Suppose 3704 = 904*p - 903*p. Suppose -3*k - 2*l + 2211 = 0, 0 = -5*k + 3*l - 0*l + p. What is the hundreds digit of k?
7
Let t = 139229 + -43141. What is the tens digit of t?
8
Suppose 3*k - 39822 = p + 7793, -3*k + 47609 = 2*p. What is the thousands digit of k?
5
Suppose -p = 3, 695 = 2*b + 4*p + 61. Let h = 5 - 2. Suppose -h*q - 11 = -b. What is the tens digit of q?
0
What is the tens digit of (168/98)/(2/17199)?
4
Let a(s) = s**3 - 13*s**2 + 6*s + 201. What is the tens digit of a(23)?
2
Let i = 157 - 90. Let q = 54 + i. What is the tens digit of q?
2
Suppose -86*w + 91*w = -5*t + 19485, 11670 = 3*w - 4*t. What is the units digit of w?
4
Suppose -12 = -3*k + 177. Let j(c) = -7*c - 14. Let m be j(-3). Suppose -i = -k + m. What is the units digit of i?
6
Suppose -3*l = -d - 127185 - 55740, -2*d + 304875 = 5*l. What is the thousands digit of l?
0
Let d be ((-5)/(-15) - 6/(-9))/1. Let k be (d + 78 + 4)/(-1). Let a = 146 + k. What is the units digit of a?
3
Let k(v) = v + 20. Suppose 0 = -j + 9*j + 96. Let m be k(j). Let z = m + 54. What is the units digit of z?
2
Let m = -60 + 33. Let o be m/54 - (-1)/((-2)/(-1245)). Suppose -5*g + 643 = 4*z, -4*z + 0*g + o = -2*g. What is the tens digit of z?
5
Let w = -115 + 130. Let i(g) = -g**2 + 8*g + 9. Let h be i(w). Let l = 330 + h. What is the units digit of l?
4
Let l be -11 + ((-5)/(-10))/(2/12). Let r be (l + 7)*(-8 + 0). Suppose -x - x = -r, 4*b + 4*x - 676 = 0. What is the hundreds digit of b?
1
Let f(m) = 283*m**3 + 100*m**2 + 2*m + 3. What is the hundreds digit of f(5)?
8
Suppose -3*j = -26*j. Suppose 554 = c + 4*d, j = -3*c + 5*d + 805 + 942. What is the hundreds digit of c?
5
Let q(d) = d**3 + 48*d**2 - 34*d - 58. What is the hundreds digit of q(-30)?
1
Let h be -2 + 49/4 + 3/(-12). Let v(u) = 2*u**2 - 8*u + 22. Let i be v(11). What is the tens digit of (h/4 + -4)*i/(-6)?
4
Let r(d) = 123*d - 49. Let j be r(2). Suppose j*f - 189*f - 7208 = 0. What is the tens digit of f?
0
Let o = -340 - -341. What is the hundreds digit of 8 + -16 + o*956?
9
Let j = -23 - -38. Suppose -j = -5*r - 5. Suppose 0*u + n = r*u - 189, -3*u - 3*n = -297. What is the units digit of u?
6
Let o be (-9)/9*(-2 - 1). Suppose o*z = -j + 681, 4*j = -0*z - 2*z + 2684. What is the hundreds digit of j?
6
What is the units digit of (-4 + 6)/((-7)/(-27608))?
8
Let k = 336 + -366. What is the tens digit of 6 + (-531)/90 - 9627/k?
2
Suppose 6*k - 25 = 11*k. Let d be (2 - 4) + -1 + (0 - k). Suppose 3*f = 4*o - 884, d*f - 4 = 3*f. What is the hundreds digit of o?
2
Suppose 9*k - 10684 = -1180. Suppose -30*d + 27*d + k = 0. What is the tens digit of d?
5
Suppose -4248 = 24*y + 5448. Let t = y + 836. What is the hundreds digit of t?
4
Suppose -40*l - 13204 = -45524. What is the tens digit of l?
0
Let x = -367 + 999. Suppose -3*j = 5*i - x, -5*i + 94 = j - 130. What is the hundreds digit of j?
2
Let g = 43936 + -29682. What is the thousands digit of g?
4
Suppose -1358 - 2042 = -8*g. Let v = g - -199. What is the tens digit of v?
2
Let y be (-23471)/(-28) + (11/(-4))/11. Let n = -433 + y. What is the units digit of n?
5
What is the hundreds digit of 120/72*137232/10?
8
Let n(b) = b**3 - 21*b**2 - 23*b + 25. Let x be n(22). Suppose -x*y = -3*z + 492, -3*y + 20 = -8*y. What is the units digit of z?
0
Let s(t) = 977*t - 8815. What is the ten thousands digit of s(39)?
2
Let p(j) = 7*j - 17. Let a be p(-13). Let q be (-6)/(a/6) + 332/(-6). Let v = 35 - q. What is the units digit of v?
0
Suppose -46956 = -2*i - 2*t, 2*t + 5211 = -i + 28689. What is the thousands digit of i?
3
Let y be (140/63)/(-10) + 23602/18. Suppose -s + 1731 = -5*u + 8286, -y = -u - s. What is the thousands digit of u?
1
Let j(f) = 8*f**3 - 2*f**2 - 8*f - 2. Let m be j(4). Let y = m + -255. What is the units digit of y?
1
Let v = 210 - 130. What is the hundreds digit of (1000/v)/(2/44)?
2
Suppose 0 = 5*o + 3290 - 900. Let h = -129 - o. What is the units digit of h?
9
What is the hundreds digit of ((-527)/(-4))/(((-2)/48)/((-109)/327))?
0
Suppose 3*o = -q + 30, 8 = 3*q - 1. Let a be o/27 + 0 + (-82)/(-6). What is the units digit of (a/(-4))/((-1)/38)?
3
Suppose 3*z = -5*s + 3618, 5*s + z - 2728 - 878 = 0. What is the hundreds digit of s?
7
Let o(d) = 112*d**2 - 64*d + 694. What is the ten thousands digit of o(11)?
1
Let h(t) = -t**3 + 106*t**2 - 88*t - 5. What is the units digit of h(105)?
0
Suppose -2*t - 345 = -h - 68, -t - 280 = -h. Let u = -101 + h. What is the tens digit of u - (-3 + (-4 - (0 - 8)))?
8
Let v(i) = 26*i**2 + 446*i - 20. What is the hundreds digit of v(-28)?
8
Suppose -3482 = -3*z + 4*s, z - 7*s = -3*s + 1158. What is the units digit of z?
2
Let o = 117 - 220. Suppose -4*j - 4 + 0 = 0, w - 4*j + 149 = 0. Let l = o - w. What is the units digit of l?
0
Suppose -3*j = -286 + 79. Let k = 3529 + -3410. Let f = k - j. What is the tens digit of f?
5
Suppose 0 = -31*s + 113536 + 79811. What is the hundreds digit of s?
2
Let o(w) = 8*w**3 + 4*w**2 + 4*w + 4*w**2 - 8*w**3 - 11 + w**3. Let p be o(-7). Suppose -8*z - 284 = -p*z. What is the tens digit of z?
4
Let x be 4 + -1 + (-6)/(-9 + 3). Suppose -x*j = j - j. Suppose j = -2*a + 5*a - 15, 4*g + 3*a - 31 = 0. What is the units digit of g?
4
Suppose -2*f + 4*u + 232 = 0, -2*u + 197 = 5*f - 431. Suppose 0 = 4*x - 5*l + f, -3*x + 3*l = -2*x + 38. Let y = 11 - x. What is the tens digit of y?
3
Let o be 1*(-5 + 5) + -1 - 27. What is the units digit of (-2109)/38*o/6?
9
Suppose 1 = -4*g - m, 4*g + 4*m - 10 = 2*g. What is the tens digit of (-3)/(g - (-10)/11) + 1?
3
Suppose 0 = 19*k - 87*k - 5440. Let j(q) = q**3 + 5*q**2 - 5*q + 9. Let n be j(-8). Let v = k - n. What is the units digit of v?
3
Let s(z) = 6*z**2 - 8*z + 6. Let a be s(2). What is the units digit of 19/((-1197)/18) - (-14928)/a?
6
Let r = -26103 - -37157. What is the thousands digit of r?
1
Let j(q) = -q**3 + 94*q**2 - 277*q + 254. What is the units digit of j(90)?
4
Let z(o) = 27*o + 42. Let l be (-81)/(-216) - (-133)/8. What is the hundreds digit of z(l)?
5
Suppose 272880 = -18*m + 25*m + 17*m. What is the thousands digit of m?
1
Suppose 28 - 6 = 11*v. Suppose v = -4*u + 794. What is the hundreds digit of u?
1
Let t(n) be the second derivative of 11*n**3/6 + 5*n**2/2 - 6*n. Let s be t(-5). Let c = -3 - s. What is the tens digit of c?
4
Suppose 71060 = -28*q + 135264 + 164136. What is the hundreds